the remainder when 56 is divided by 1/z*(s - 38)?
18
Let v be (1 - -4)/(2/(-6)). Let p = 12 - v. What is the remainder when 78 is divided by p?
24
Let j be (2/4)/((-1)/18). Let a = j - -23. Calculate the remainder when 40 is divided by a.
12
Let d = -9 - -13. Suppose 10 = -a - 3*g - 0*g, g = 4*a - 12. Suppose a*p + 34 = 5*s, 3*p + 10 = s - 2. Calculate the remainder when s is divided by d.
2
Let c = -101 - -152. What is the remainder when c is divided by 13?
12
Suppose 7 - 26 = -v. Suppose 0 = -2*x - v - 1. Calculate the remainder when 37 is divided by (x/3)/5*-15.
7
Let s = -21 - 33. Let b(y) = y**2 + 4*y + 5. What is the remainder when s*(-1)/(-4)*-2 is divided by b(-5)?
7
Let k(n) = n**2 + 2. What is the remainder when k(0) is divided by 2?
0
Let r be (-39)/(1 + -4) + 0. Suppose -2*o + r = -7. Calculate the remainder when 19 is divided by o.
9
Let j = 4 + -4. Let z = -1 - j. What is the remainder when 14 is divided by 4 + (1 - 2)*z?
4
Let p(o) = o**3 + o**2 - o + 2. Let d be p(-2). Suppose 2*a + 5*i = 4*a - 61, -i + 3 = d. What is the remainder when a is divided by 13?
12
Suppose -2*d + 5*d - 96 = 0. What is the remainder when d is divided by 11?
10
Suppose 3 = -v + 2*v. Let g = v - -6. Calculate the remainder when g is divided by 6.
3
Let n(x) = -x**3 + 8*x**2 - 6*x + 4. Let f = 19 + -5. What is the remainder when n(6) is divided by f?
12
Suppose -4*k + 97 = -i - 208, -81 = -k + 5*i. Let r = -52 + k. What is the remainder when 71 is divided by r?
23
Suppose p - 4 + 25 = 2*b, 0 = -3*p - 3. Suppose 10*q - 8*q = b. What is the remainder when 3/(-2)*(-6 - 0) is divided by q?
4
Suppose -2*c - 2*c + n + 174 = 0, 3*c - 130 = n. Calculate the remainder when c is divided by 15.
14
Let j(m) = m**2 - m - 4. Let u = 17 + -8. Let q = -6 + u. Calculate the remainder when q is divided by j(3).
1
Calculate the remainder when 2/6*108/2 is divided by 7.
4
Let o(b) = -13*b**2 + 2*b + 2. Let z be o(3). Let p = -60 - z. Calculate the remainder when p is divided by 17.
15
Let h = -74 - -97. Calculate the remainder when h is divided by 23/3 + 1/3.
7
Suppose 2*u - 12 = -2*u. Suppose l = -o - 0*o + 4, u*l + 4 = 5*o. Suppose z = o + 2. Calculate the remainder when 11 is divided by z.
3
Suppose h - 216 = -5*h. Calculate the remainder when h is divided by 27.
9
Suppose -b + 0*b + 31 = 0. Calculate the remainder when b is divided by 17.
14
Let r(z) = -z + 6. Suppose t = 2*t - 26. What is the remainder when t is divided by r(-8)?
12
Suppose -110 + 25 = -5*f. What is the remainder when 62 is divided by f?
11
Suppose -7*m + 12 + 51 = 0. What is the remainder when m is divided by 5?
4
Suppose z + 0*z = 2*n + 6, -z + 3*n + 6 = 0. Let v be 24/(-5)*(-50)/4. Suppose 5 = -5*b + v. What is the remainder when b is divided by z?
5
Suppose -3*r + 5*r - 20 = 0. Let f(i) = -i**2 + 14*i - 3. Let d be (-3)/(3*2/(-20)). Calculate the remainder when f(d) is divided by r.
7
What is the remainder when (268/5)/(14/35) is divided by 34?
32
Let s = 170 + -136. Calculate the remainder when s is divided by 27.
7
Suppose 5 = -5*w, w + 5 = 2*f - 0. Suppose -8 = -4*k - s, -6 = k - 4*k - f*s. What is the remainder when 6 is divided by k?
0
Let o(w) be the second derivative of -w**5/20 + 5*w**4/6 - 7*w**3/6 - 9*w**2/2 + 2*w. Calculate the remainder when o(7) is divided by 30.
29
Suppose 0 = -5*y + 116 + 44. Let m(c) = 3*c**3 - 2*c**2 - c + 2. Let d be m(2). Calculate the remainder when y is divided by (d - 2) + (3 - 6).
10
Let k = 11 + 64. Calculate the remainder when k is divided by 39.
36
Let y(c) = -25*c. Let r = 736 + -717. What is the remainder when y(-3) is divided by r?
18
Suppose -2*y + 5*m + 10 = -21, -4*y = 5*m - 107. Let i = y + -3. What is the remainder when 59 is divided by i?
19
Let n = -28 - -40. Calculate the remainder when 19 is divided by n.
7
Let s = -28 - -45. Suppose -3*z + s = -2*z. What is the remainder when 33 is divided by z?
16
Let v be ((-1)/2)/((-4)/(-88)). Let q = 16 + v. Suppose -5*r + 95 = q*h, -3*h + 2*r = -2*h - 13. Calculate the remainder when h is divided by 6.
5
Let l(x) = x**2 - 13*x - 6. Suppose 7*a = 2*a + 115. Calculate the remainder when a is divided by l(14).
7
Suppose -w = -48 + 9. What is the remainder when w is divided by 21?
18
Let j(i) = 2*i**2 - 8*i + 9. Calculate the remainder when j(9) is divided by 10.
9
Suppose 0 = -0*y - 4*y + 28. Suppose 0 = -5*v - 4*t + 98, -4*v + 64 = 2*t - 6*t. Calculate the remainder when y is divided by 8/12*v/4.
1
Suppose 4*k - 5*o = -k + 75, 5*o - 15 = -4*k. Calculate the remainder when 27 is divided by k.
7
Let k(o) = -2*o**2 - o**3 - o - 3*o**2 - 1 + 0*o**3. Let c(s) = s + 11. Calculate the remainder when c(-5) is divided by k(-5).
2
Let v = 462 - 237. Suppose 3*p - 4*j - 150 = -20, -5*j + v = 4*p. What is the remainder when p is divided by (-2)/(-5) + (-63)/(-5)?
11
Let a(c) = -c**3 - 13*c**2 - c - 13. Let k be a(-13). Suppose -m - 5 = k, t + 2*m = 3*t - 18. Calculate the remainder when 15 is divided by t.
3
Suppose 4*o = 3*u + 50, -o = 4*u - 5*o + 68. Calculate the remainder when (-4 - u) + (0 - 1) is divided by 7.
6
Suppose 5*s - 5*l - 65 + 15 = 0, -24 = -3*s + l. Suppose -d = s - 13. Calculate the remainder when 9 is divided by d.
3
Let l be 2/5 + 856/10. Suppose -3*k - 263 = -5*h, 2*h + 5*k - l - 13 = 0. Calculate the remainder when h is divided by -2 + ((-38)/(-2) - -1).
16
Let h be (-1 + 0)/(1/9). Let o = -2 - -9. Calculate the remainder when o is divided by 4/(-18) + (-29)/h.
1
Let w = -55 + 76. What is the remainder when (-20)/(-1*(-3)/(-9)) is divided by w?
18
Let z(u) = 4*u**2 - u + 19. What is the remainder when z(6) is divided by 32?
29
Let h be 4 + -7 + 5 + 0. Suppose 0 = 2*w - h, -2*q + 7 = -3*w - 4. What is the remainder when 13 is divided by q?
6
Let r(m) = -6*m + 5. Let c(i) = -3*i**2 + 2*i + 2. Let x be c(2). Calculate the remainder when r(x) is divided by 14.
13
Let s be 12/9 + 4/6. Suppose r - 3*r = -4*h - s, -3*h = 2*r - 9. What is the remainder when 5 - 6/10*(1 + -6) is divided by r?
2
Let m(b) = b**2 - 3. What is the remainder when 14 is divided by m(3)?
2
What is the remainder when -2 + 1 - -14 - 3 is divided by 6?
4
Suppose -4*k + 66 = -2*m, 3*k + 2*m - 36 = -m. Let o(s) = 2*s**2 + 7*s - 9. What is the remainder when o(-7) is divided by 35*(54/k - 3)?
19
Let i(n) = 7*n - 44. Calculate the remainder when 39 is divided by i(8).
3
Suppose -4*t = 3*c - 339 + 60, 0 = -3*t - 3*c + 210. Let z = 481 - 467. Calculate the remainder when t is divided by z.
13
Let d(n) = n**3 - 13*n**2 - 10*n - 15. What is the remainder when 163 is divided by d(14)?
40
Suppose 2*y - 92 = -0*y. Calculate the remainder when y is divided by 12.
10
Let x = -66 + 185. Suppose x = 3*g - v, 5*g - 3*v = -4*v + 201. Calculate the remainder when g is divided by 11.
7
Suppose -s - 3*s = -5*r + 13, 0 = -4*r + 3*s + 11. Suppose 135 = r*m - 35. Suppose 0 = 4*w - 2*w - 24. Calculate the remainder when m is divided by w.
10
Let h(t) = 9*t**3 - 2*t**2 + 2*t - 1. Let m be h(1). Let q = m - 7. What is the remainder when 1 is divided by q?
0
Suppose 8 = 5*p - 3*p. Suppose -x - 4*x = -p*d - 142, 3*d = -4*x - 91. Calculate the remainder when 38 is divided by (-423)/d - 6/(-33).
12
Suppose -2*z - 20 = -4*n, 3*n + 2*z + 2*z - 4 = 0. Suppose -n*k - 6 - 2 = 0. What is the remainder when (-3 - k)/(1/(-11)) is divided by 6?
5
Suppose -2*k + 7*k - 50 = 0. Suppose -m = 4 - k. Calculate the remainder when 11 is divided by m.
5
Let i(b) = 6*b - 3. What is the remainder when i(4) is divided by 1*(-1 + 2*6)?
10
Let q(w) = w**2 + 1. Let n be q(-3). Suppose -4*t - 3*u = -5*u - 14, -4*u = -2*t + n. What is the remainder when 8 is divided by t?
2
Let d = 44 - 64. Let p = 17 - d. Suppose -3*b + 38 + 1 = 0. What is the remainder when p is divided by b?
11
Let f(v) = 3*v**2 - 4*v + 1. Suppose 0 = w - 2*p - 4, -5*w - 3*p - 1 = 5. Suppose w = 3*t - 51. What is the remainder when f(-4) is divided by t?
14
Suppose 2*m - 5*p - 57 = 0, -2*m = -3*p + 4*p - 39. What is the remainder when 81 is divided by m?
18
Suppose 18 = u - 0*u. Suppose 18 = y + b + 3*b, -20 = -4*y - 3*b. What is the remainder when 70/y + -1 + 0 is divided by u?
16
Let f(d) = d**3 - 10*d**2 + 9. Calculate the remainder when 26 is divided by f(10).
8
Suppose -5*y = 56 + 59. Let w = y - -84. Calcul